{"id":34,"date":"2018-03-21T15:53:06","date_gmt":"2018-03-21T15:53:06","guid":{"rendered":"http:\/\/www.ig-toesstallinie.ch\/wp\/?page_id=34"},"modified":"2023-06-25T19:26:59","modified_gmt":"2023-06-25T19:26:59","slug":"startseite","status":"publish","type":"page","link":"https:\/\/www.ig-toesstallinie.ch\/","title":{"rendered":"Interessengemeinschaft T\u00f6sstallinie"},"content":{"rendered":"<figure><img loading=\"lazy\" src=\"https:\/\/www.ig-toesstallinie.ch\/wp-content\/uploads\/2018\/03\/IMG_9047.jpg\" sizes=\"(max-width: 2592px) 100vw, 2592px\" srcset=\"https:\/\/www.ig-toesstallinie.ch\/wp-content\/uploads\/2018\/03\/IMG_9047.jpg 2592w, https:\/\/www.ig-toesstallinie.ch\/wp-content\/uploads\/2018\/03\/IMG_9047-300x225.jpg 300w, https:\/\/www.ig-toesstallinie.ch\/wp-content\/uploads\/2018\/03\/IMG_9047-768x576.jpg 768w, https:\/\/www.ig-toesstallinie.ch\/wp-content\/uploads\/2018\/03\/IMG_9047-1024x768.jpg 1024w\" alt=\"\" width=\"2592\" height=\"1944\" \/><\/figure>\n<h2 id=\"&lt;strong&gt;uber\">\u00dcber uns\u2026<\/h2>\n<p>1994 gr\u00fcndeten die Verkehrsgruppe Wila und SP-Sektionen, besorgte T\u00f6sstalerinnen und T\u00f6sstaler, die Interessengemeinschaft T\u00f6sstallinie zur F\u00f6rderung des \u00f6ffentlichen Verkehrs. F\u00fcr den Erhalt und Ausbau der Bahnlinie S26 Winterthur \u2013 R\u00fcti, f\u00fcr gute Fahrpl\u00e4ne und zweckm\u00e4ssige Anschl\u00fcsse. F\u00fcr ein \u00f6kologisch und \u00f6konomisch nachhaltiges Verkehrskonzept im T\u00f6ss- und Jonatal.<\/p>\n<h4><strong>Wie kam es zur IG T\u00f6sstallinie?<\/strong><\/h4>\n<p>Am 26. November 1993 fand in Rikon eine \u00f6ffentliche Veranstaltung zum Thema <b>\u201cDroht der T\u00f6sstalbahn das Aus?\u201d<\/b> statt. Nicht ohne Grund: Seit 1920 muss sich die Bahn gegen die Konkurrenz auf der Strasse zur Wehr setzen. Immer wieder droht die streckenweise Stilllegung und ein Ersatz durch Busse. Trotz dem Kampf der Walder Bev\u00f6lkerung seit 1994 in der \u201cIG Shuttle\u201d f\u00fcr die Linie S43 R\u00fcti \u2013 Wald, wurde der st\u00fcndlich verkehrende Zug ab 10. Dezember 2006 durch Busse ersetzt.<\/p>\n<p><a style=\"font-size: 140%;\" href=\"?page_id=387\">Kontakt<\/a><br \/>\n<a style=\"font-size: 140%;\" href=\"?page_id=413\">Jahresberichte<\/a><br \/>\n<a style=\"font-size: 140%;\" href=\"https:\/\/www.ig-toesstallinie.ch\/downloads\/statuten-ig-toesstallinie.pdf\">Statuten<\/a><\/p>\n","protected":false},"excerpt":{"rendered":"<p>\u00dcber uns\u2026 1994 gr\u00fcndeten die Verkehrsgruppe Wila und SP-Sektionen, besorgte T\u00f6sstalerinnen und T\u00f6sstaler, die Interessengemeinschaft T\u00f6sstallinie zur F\u00f6rderung des \u00f6ffentlichen Verkehrs. F\u00fcr den Erhalt und Ausbau der Bahnlinie S26 Winterthur \u2013 R\u00fcti, f\u00fcr gute Fahrpl\u00e4ne und zweckm\u00e4ssige Anschl\u00fcsse. F\u00fcr ein \u00f6kologisch und \u00f6konomisch nachhaltiges Verkehrskonzept im T\u00f6ss- und Jonatal. Wie kam es zur IG T\u00f6sstallinie? &hellip; <a href=\"https:\/\/www.ig-toesstallinie.ch\/\" class=\"more-link\"><span class=\"screen-reader-text\">Interessengemeinschaft T\u00f6sstallinie<\/span> weiterlesen<\/a><\/p>\n","protected":false},"author":1,"featured_media":0,"parent":0,"menu_order":0,"comment_status":"closed","ping_status":"closed","template":"","meta":[],"_links":{"self":[{"href":"https:\/\/www.ig-toesstallinie.ch\/index.php?rest_route=\/wp\/v2\/pages\/34"}],"collection":[{"href":"https:\/\/www.ig-toesstallinie.ch\/index.php?rest_route=\/wp\/v2\/pages"}],"about":[{"href":"https:\/\/www.ig-toesstallinie.ch\/index.php?rest_route=\/wp\/v2\/types\/page"}],"author":[{"embeddable":true,"href":"https:\/\/www.ig-toesstallinie.ch\/index.php?rest_route=\/wp\/v2\/users\/1"}],"replies":[{"embeddable":true,"href":"https:\/\/www.ig-toesstallinie.ch\/index.php?rest_route=%2Fwp%2Fv2%2Fcomments&post=34"}],"version-history":[{"count":78,"href":"https:\/\/www.ig-toesstallinie.ch\/index.php?rest_route=\/wp\/v2\/pages\/34\/revisions"}],"predecessor-version":[{"id":903,"href":"https:\/\/www.ig-toesstallinie.ch\/index.php?rest_route=\/wp\/v2\/pages\/34\/revisions\/903"}],"wp:attachment":[{"href":"https:\/\/www.ig-toesstallinie.ch\/index.php?rest_route=%2Fwp%2Fv2%2Fmedia&parent=34"}],"curies":[{"name":"wp","href":"https:\/\/api.w.org\/{rel}","templated":true}]}}

Interessengemeinschaft Tösstallinie

<figure><img loading="lazy" src="https://www.ig-toesstallinie.ch/wp-content/uploads/2018/03/IMG_9047.jpg" sizes="(max-width: 2592px) 100vw, 2592px" srcset="https://www.ig-toesstallinie.ch/wp-content/uploads/2018/03/IMG_9047.jpg 2592w, https://www.ig-toesstallinie.ch/wp-content/uploads/2018/03/IMG_9047-300x225.jpg 300w, https://www.ig-toesstallinie.ch/wp-content/uploads/2018/03/IMG_9047-768x576.jpg 768w, https://www.ig-toesstallinie.ch/wp-content/uploads/2018/03/IMG_9047-1024x768.jpg 1024w" alt="" width="2592" height="1944" /></figure>
<h2 id="&lt;strong&gt;uber">Über uns…</h2>
<p>1994 gründeten die Verkehrsgruppe Wila und SP-Sektionen, besorgte Tösstalerinnen und Tösstaler, die Interessengemeinschaft Tösstallinie zur Förderung des öffentlichen Verkehrs. Für den Erhalt und Ausbau der Bahnlinie S26 Winterthur – Rüti, für gute Fahrpläne und zweckmässige Anschlüsse. Für ein ökologisch und ökonomisch nachhaltiges Verkehrskonzept im Töss- und Jonatal.</p>
<h4><strong>Wie kam es zur IG Tösstallinie?</strong></h4>
<p>Am 26. November 1993 fand in Rikon eine öffentliche Veranstaltung zum Thema <b>“Droht der Tösstalbahn das Aus?”</b> statt. Nicht ohne Grund: Seit 1920 muss sich die Bahn gegen die Konkurrenz auf der Strasse zur Wehr setzen. Immer wieder droht die streckenweise Stilllegung und ein Ersatz durch Busse. Trotz dem Kampf der Walder Bevölkerung seit 1994 in der “IG Shuttle” für die Linie S43 Rüti – Wald, wurde der stündlich verkehrende Zug ab 10. Dezember 2006 durch Busse ersetzt.</p>
<p><a style="font-size: 140%;" href="?page_id=387">Kontakt</a><br />
<a style="font-size: 140%;" href="?page_id=413">Jahresberichte</a><br />
<a style="font-size: 140%;" href="https://www.ig-toesstallinie.ch/downloads/statuten-ig-toesstallinie.pdf">Statuten</a></p>

<p>Über uns… 1994 gründeten die Verkehrsgruppe Wila und SP-Sektionen, besorgte Tösstalerinnen und Tösstaler, die Interessengemeinschaft Tösstallinie zur Förderung des öffentlichen Verkehrs. Für den Erhalt und Ausbau der Bahnlinie S26 Winterthur – Rüti, für gute Fahrpläne und zweckmässige Anschlüsse. Für ein ökologisch und ökonomisch nachhaltiges Verkehrskonzept im Töss- und Jonatal. Wie kam es zur IG Tösstallinie? &hellip; <a href="https://www.ig-toesstallinie.ch/" class="more-link"><span class="screen-reader-text">Interessengemeinschaft Tösstallinie</span> weiterlesen</a></p>
